{"id":161,"date":"2017-10-13T11:50:38","date_gmt":"2017-10-13T11:50:38","guid":{"rendered":"http:\/\/vm-srviishp1\/?page_id=161"},"modified":"2021-05-14T15:42:56","modified_gmt":"2021-05-14T13:42:56","slug":"unternehmen","status":"publish","type":"page","link":"https:\/\/www.klafka-hinz.de\/?page_id=161","title":{"rendered":"Klafka &#038; Hinz"},"content":{"rendered":"\n<h2 class=\"has-text-align-center wp-block-heading\">Klafka &amp; Hinz<\/h2>\n\n\n\n<h1 class=\"has-text-align-center wp-block-heading\">Wir stellen uns vor<\/h1>\n\n\n\n<p>Klafka &amp; Hinz Energie-Informations-Systeme GmbH mit&nbsp;Sitz in Aachen in unmittelbarer Umgebung des RWTH Campus hat sich mit Beginn der Liberalisierung des Energiemarktes vor mehr als 20 Jahren mit seinen Softwarel\u00f6sungen&nbsp;bundesweit marktf\u00fchrend etabliert. Die beiden Firmengr\u00fcnder und Gesch\u00e4ftsf\u00fchrer Dr. Hans-J\u00f6rg Hinz und&nbsp;Dr. Peter Klafka sowie ihr Team aus mittlerweile \u00fcber&nbsp;125 Mitarbeitern stehen zu Ihrer Verf\u00fcgung.<\/p>\n\n\n\n<p>Die langj\u00e4hrige Erfahrung unserer Berater und Softwareingenieure pr\u00e4gt unsere Produktfamilie FirstX. Unsere IT-L\u00f6sungen sind softwaretechnisch \u201eup to date\u201c, zugeschnitten auf die wirklichen Bed\u00fcrfnisse der Anwender und die effektive Bearbeitung Ihrer Gesch\u00e4ftsprozesse. Durch regelm\u00e4\u00dfige Updates gew\u00e4hrleisten wir eine fortlaufende Anpassung unserer Software an die Entwicklung der Marktregeln. Im Rahmen der Projektarbeit analysieren wir gemeinsam mit Ihnen Ihre Prozesse und setzen diese in unserer Software um. Bei betrieblichen Fragen und Problemen stehen wir Ihnen mit unserem Support prompt zur Verf\u00fcgung.<\/p>\n\n\n\n<p>Bei komplexeren Fragestellungen helfen wir Ihnen durch gezielte Betriebsunterst\u00fctzung sowie durch Workshops und Schulungen vor Ort oder in unseren Schulungsr\u00e4umen in Aachen.<\/p>\n\n\n\n<p>\u00dcber 200 Systeme von Klafka &amp; Hinz sind in Deutschland, Luxemburg und der Schweiz installiert. Zu unseren Referenzkunden z\u00e4hlen die Stadtwerke M\u00fcnchen GmbH, EWS Sch\u00f6nau, Naturstrom Handel, Evonik, MVV-Mannheim, St\u00e4dtische Werke Kassel Netz und Service GmbH und viele weitere Unternehmen.<\/p>\n\n\n\n<div class=\"wp-block-advgb-columns advgb-columns-wrapper\" id=\"advgb-cols-912deb6c-ed57-4179-af1c-343eb9e1f113\"><div class=\"advgb-columns-container\"><div class=\"advgb-columns advgb-columns-row advgb-is-mobile advgb-columns-2 layout-12-12 mbl-layout-stacked gutter-20 vgutter-10\">\n<div class=\"wp-block-advgb-column advgb-column advgb-is-half-tablet advgb-is-full-mobile\" id=\"advgb-col-6ae41fa8-f35b-4eb3-aed0-5aefff7908e2\"><div class=\"advgb-column-inner\" style=\"border-style:none;border-width:1px\">\n<h3 class=\"has-medium-font-size wp-block-heading\">Klafka &amp; Hinz, ein zukunftsorientiertes Unternehmen aus Aachen<\/h3>\n\n\n\n<figure class=\"wp-block-image size-large\"><img loading=\"lazy\" decoding=\"async\" width=\"699\" height=\"524\" src=\"http:\/\/vm-iiswptest\/wordpress\/wp-content\/uploads\/Buerogebaeude_small.jpg\" alt=\"\" class=\"wp-image-2540\" srcset=\"https:\/\/www.klafka-hinz.de\/wp-content\/uploads\/Buerogebaeude_small.jpg 699w, https:\/\/www.klafka-hinz.de\/wp-content\/uploads\/Buerogebaeude_small-300x225.jpg 300w\" sizes=\"auto, (max-width: 699px) 100vw, 699px\" \/><\/figure>\n<\/div><\/div>\n\n\n\n<div class=\"wp-block-advgb-column advgb-column advgb-is-half-tablet advgb-is-full-mobile\" id=\"advgb-col-85557589-07b9-40e3-8e68-f8cfd31590f7\"><div class=\"advgb-column-inner\" style=\"border-style:none;border-width:1px\">\n<h3 class=\"khicon khicon_a2_30 wp-block-heading\">Profitieren Sie von unserem Wissen<\/h3>\n\n\n\n<p>Unsere Software gen\u00fcgt stets den Anforderungen des Gesetzgebers und den aktuellen Branchenstandards.<\/p>\n\n\n\n<h3 class=\"khicon_e9_30 wp-block-heading\">Verantwortung f\u00fcr Mensch und Umwelt<\/h3>\n\n\n\n<p>Wir f\u00fchlen uns als Unternehmen dem <a href=\".\/?page_id=1660\">Umweltschutz und Klimaschutz<\/a> verpflichtet.<\/p>\n<\/div><\/div>\n<\/div><\/div><\/div>\n\n\n\n<hr class=\"wp-block-coblocks-dynamic-separator is-style-line\" style=\"height:50px\"\/>\n\n\n\n<h2 class=\"has-text-align-center wp-block-heading\">Im herzen von aachen zuhause<\/h2>\n\n\n\n<h1 class=\"has-text-align-center wp-block-heading\">Anfahrt<\/h1>\n\n\n\n<div class=\"wp-block-advgb-columns advgb-columns-wrapper\" id=\"advgb-cols-6e9ff7dd-518e-49ca-9709-ac90dbd2ef3c\"><div class=\"advgb-columns-container\"><div class=\"advgb-columns advgb-columns-row advgb-is-mobile advgb-columns-2 layout-12-12 mbl-layout-stacked vgutter-10\">\n<div class=\"wp-block-advgb-column advgb-column advgb-is-half-tablet advgb-is-full-mobile\" id=\"advgb-col-a0309cb2-879f-483f-a996-0d3b255256aa\"><div class=\"advgb-column-inner\" style=\"border-style:none;border-width:1px\">\n<h2 class=\"wp-block-heading\">Adresse<\/h2>\n\n\n\n<p>Klafka &amp; Hinz Energie-Informations-Systeme GmbH<br>Weststra\u00dfe 54<br>D-52074 Aachen<\/p>\n\n\n\n<p>Telefon: +49 241 605201-0<br>Fax: +49 241 605201-18<\/p>\n\n\n\n<p>E-Mail: <a href=\"mailto:info@klafka-hinz.de?subject=Kontaktanfrage - Klafka und Hinz Energie-Informations-Systeme GmbH\">info@klafka-hinz.de<\/a><br>f\u00fcr Bewerbungen: <a href=\"mailto:Bewerbung@Klafka-Hinz.de\">Bewerbung@Klafka-Hinz.de<\/a><\/p>\n<\/div><\/div>\n\n\n\n<div class=\"wp-block-advgb-column advgb-column advgb-is-half-tablet advgb-is-full-mobile\" id=\"advgb-col-c9e71476-671b-4573-8bbc-1db53fce0fda\"><div class=\"advgb-column-inner\" style=\"border-style:none;border-width:1px\">\n<figure class=\"wp-block-image size-large\"><img decoding=\"async\" src=\"\/wp-content\/uploads\/blue_kh_anfahrt_klein.gif\" alt=\"\"\/><\/figure>\n\n\n\n<div class=\"wp-block-advgb-button aligncenter is-style-default\"><a class=\"wp-block-advgb-button_link advgbbtn-678d77f2-5a12-47e8-925f-162032d0647d\" href=\"https:\/\/www.openstreetmap.org\/way\/97560998#map=17\/50.77005\/6.05836&amp;layers=N\" target=\"_blank\" rel=\"noopener noreferrer\">Karte bei OpenStreetMap<\/a><\/div>\n<\/div><\/div>\n<\/div><\/div><\/div>\n\n\n\n<h2 class=\"wp-block-heading\">Anreise mit der Bahn<\/h2>\n\n\n\n<p>Mit der Deutschen Bahn (<a href=\"http:\/\/www.bahn.de\" target=\"_blank\" rel=\"noreferrer noopener\">www.bahn.de<\/a>) bis Aachen Hbf oder Aachen Schanz.<\/p>\n\n\n\n<h2 class=\"wp-block-heading\">vom Hauptbahnhof Aachen<\/h2>\n\n\n\n<p>Vom Aachener Hauptbahnhof fahren Sie mit der Buslinie 3B Richtung Uniklinik und steigen an der Haltestelle Kuckelkorn aus (Fahrtdauer ca. 9 min).<\/p>\n\n\n\n<h2 class=\"wp-block-heading\">vom Bahnhof Aachen Schanz<\/h2>\n\n\n\n<p>Fahren Sie von hier aus mit dem Bus Richtung Uniklinik\/Vaals (Buslinien 5, 25, 35, 45, 55) und steigen an der Haltestelle Kuckelkorn aus (Fahrtdauer ca. 2 min).<\/p>\n\n\n\n<p>Ab der Haltestelle Kuckelkorn (Fu\u00dfweg ca. 6 min) folgen Sie der Fahrtrichtung f\u00fcr ca. 150 m, biegen rechts in die Lenn\u00e9stra\u00dfe ein, folgen dieser ca. 130 m und biegen anschlie\u00dfend links in die Weststra\u00dfe. Nun folgen Sie f\u00fcr ca. 100 m dem weiteren Stra\u00dfenverlauf. Wir befinden uns auf der rechten Seite, <b>Weststra\u00dfe 54<\/b>.<\/p>\n\n\n\n<p>Busfahrpl\u00e4ne finden Sie unter <a href=\"http:\/\/www.avv.de\/de\/linienfahrplaene\" target=\"_blank\" rel=\"noreferrer noopener\"><img decoding=\"async\" src=\"https:\/\/www.klafka-hinz.eu\/images\/main\/link_extern.jpg\" alt=\"\" border=\"0\"> www.avv.de<\/a><\/p>\n<style class=\"advgb-styles-renderer\">#advgb-col-6ae41fa8-f35b-4eb3-aed0-5aefff7908e2>.advgb-column-inner{}@media screen and (max-width: 1023px) {#advgb-col-6ae41fa8-f35b-4eb3-aed0-5aefff7908e2>.advgb-column-inner{}}@media screen and (max-width: 767px) {#advgb-col-6ae41fa8-f35b-4eb3-aed0-5aefff7908e2>.advgb-column-inner{}}#advgb-col-85557589-07b9-40e3-8e68-f8cfd31590f7>.advgb-column-inner{margin-top:19px;margin-right:0px;margin-left:50px;padding-top:2px;padding-right:1px;padding-left:50px;}@media screen and (max-width: 1023px) {#advgb-col-85557589-07b9-40e3-8e68-f8cfd31590f7>.advgb-column-inner{}}@media screen and (max-width: 767px) {#advgb-col-85557589-07b9-40e3-8e68-f8cfd31590f7>.advgb-column-inner{}}#advgb-cols-912deb6c-ed57-4179-af1c-343eb9e1f113{}@media screen and (max-width: 1023px) {#advgb-cols-912deb6c-ed57-4179-af1c-343eb9e1f113{}}@media screen and (max-width: 767px) {#advgb-cols-912deb6c-ed57-4179-af1c-343eb9e1f113{}}#advgb-col-6ae41fa8-f35b-4eb3-aed0-5aefff7908e2>.advgb-column-inner{}@media screen and (max-width: 1023px) {#advgb-col-6ae41fa8-f35b-4eb3-aed0-5aefff7908e2>.advgb-column-inner{}}@media screen and (max-width: 767px) {#advgb-col-6ae41fa8-f35b-4eb3-aed0-5aefff7908e2>.advgb-column-inner{}}#advgb-col-85557589-07b9-40e3-8e68-f8cfd31590f7>.advgb-column-inner{margin-top:19px;margin-right:0px;margin-left:50px;padding-top:2px;padding-right:1px;padding-left:50px;}@media screen and (max-width: 1023px) {#advgb-col-85557589-07b9-40e3-8e68-f8cfd31590f7>.advgb-column-inner{}}@media screen and (max-width: 767px) {#advgb-col-85557589-07b9-40e3-8e68-f8cfd31590f7>.advgb-column-inner{}}#advgb-col-a0309cb2-879f-483f-a996-0d3b255256aa>.advgb-column-inner{}@media screen and (max-width: 1023px) {#advgb-col-a0309cb2-879f-483f-a996-0d3b255256aa>.advgb-column-inner{}}@media screen and (max-width: 767px) {#advgb-col-a0309cb2-879f-483f-a996-0d3b255256aa>.advgb-column-inner{}}.advgbbtn-678d77f2-5a12-47e8-925f-162032d0647d{font-size:18px;color:#fff !important;background-color:#0094d6 !important;margin:0px 0px 0px 0px !important;padding:10px 30px 10px 30px;border-width:1px !important;border-style:none;border-radius:50px !important;}.advgbbtn-678d77f2-5a12-47e8-925f-162032d0647d:hover{box-shadow:1px 1px 12px 0px #ccc;opacity:1;transition:all 0.2s ease;}.advgbbtn-678d77f2-5a12-47e8-925f-162032d0647d > i {display: none !important;}#advgb-col-c9e71476-671b-4573-8bbc-1db53fce0fda>.advgb-column-inner{}@media screen and (max-width: 1023px) {#advgb-col-c9e71476-671b-4573-8bbc-1db53fce0fda>.advgb-column-inner{}}@media screen and (max-width: 767px) {#advgb-col-c9e71476-671b-4573-8bbc-1db53fce0fda>.advgb-column-inner{}}.advgbbtn-678d77f2-5a12-47e8-925f-162032d0647d{font-size:18px;color:#fff !important;background-color:#0094d6 !important;margin:0px 0px 0px 0px !important;padding:10px 30px 10px 30px;border-width:1px !important;border-style:none;border-radius:50px !important;}.advgbbtn-678d77f2-5a12-47e8-925f-162032d0647d:hover{box-shadow:1px 1px 12px 0px #ccc;opacity:1;transition:all 0.2s ease;}.advgbbtn-678d77f2-5a12-47e8-925f-162032d0647d > i {display: none !important;}#advgb-cols-6e9ff7dd-518e-49ca-9709-ac90dbd2ef3c{}@media screen and (max-width: 1023px) {#advgb-cols-6e9ff7dd-518e-49ca-9709-ac90dbd2ef3c{}}@media screen and (max-width: 767px) {#advgb-cols-6e9ff7dd-518e-49ca-9709-ac90dbd2ef3c{}}#advgb-col-a0309cb2-879f-483f-a996-0d3b255256aa>.advgb-column-inner{}@media screen and (max-width: 1023px) {#advgb-col-a0309cb2-879f-483f-a996-0d3b255256aa>.advgb-column-inner{}}@media screen and (max-width: 767px) {#advgb-col-a0309cb2-879f-483f-a996-0d3b255256aa>.advgb-column-inner{}}#advgb-col-c9e71476-671b-4573-8bbc-1db53fce0fda>.advgb-column-inner{}@media screen and (max-width: 1023px) {#advgb-col-c9e71476-671b-4573-8bbc-1db53fce0fda>.advgb-column-inner{}}@media screen and (max-width: 767px) {#advgb-col-c9e71476-671b-4573-8bbc-1db53fce0fda>.advgb-column-inner{}}.advgbbtn-678d77f2-5a12-47e8-925f-162032d0647d{font-size:18px;color:#fff !important;background-color:#0094d6 !important;margin:0px 0px 0px 0px !important;padding:10px 30px 10px 30px;border-width:1px !important;border-style:none;border-radius:50px !important;}.advgbbtn-678d77f2-5a12-47e8-925f-162032d0647d:hover{box-shadow:1px 1px 12px 0px #ccc;opacity:1;transition:all 0.2s ease;}.advgbbtn-678d77f2-5a12-47e8-925f-162032d0647d > i {display: none !important;}<\/style>","protected":false},"excerpt":{"rendered":"<p>Wir stellen uns vor Klafka &amp; Hinz Energie-Informations-Systeme GmbH mit&nbsp;Sitz in Aachen in unmittelbarer Umgebung des RWTH Campus hat sich mit Beginn der Liberalisierung des Energiemarktes vor mehr als 20&#8230;<\/p>\n<div class=\"read-more-button-wrap\"><a class=\"moretag\" href=\"https:\/\/www.klafka-hinz.de\/?page_id=161\"> weiterlesen<\/a><\/div>\n","protected":false},"author":2,"featured_media":2537,"parent":0,"menu_order":0,"comment_status":"closed","ping_status":"closed","template":"template-fullwidth.php","meta":{"_coblocks_attr":"","_coblocks_dimensions":"","_coblocks_responsive_height":"","_coblocks_accordion_ie_support":"","advgb_blocks_editor_width":"","advgb_blocks_columns_visual_guide":"","footnotes":""},"class_list":["post-161","page","type-page","status-publish","has-post-thumbnail","hentry"],"yoast_head":"<!-- This site is optimized with the Yoast SEO plugin v27.3 - https:\/\/yoast.com\/product\/yoast-seo-wordpress\/ -->\n<title>Klafka &amp; Hinz - Klafka &amp; Hinz Energie-Informations-Systeme GmbH<\/title>\n<meta name=\"robots\" content=\"index, follow, max-snippet:-1, max-image-preview:large, max-video-preview:-1\" \/>\n<link rel=\"canonical\" href=\"https:\/\/www.klafka-hinz.de\/?page_id=161\" \/>\n<meta property=\"og:locale\" content=\"de_DE\" \/>\n<meta property=\"og:type\" content=\"article\" \/>\n<meta property=\"og:title\" content=\"Klafka &amp; Hinz - Klafka &amp; Hinz Energie-Informations-Systeme GmbH\" \/>\n<meta property=\"og:description\" content=\"Wir stellen uns vor Klafka &amp; Hinz Energie-Informations-Systeme GmbH mit&nbsp;Sitz in Aachen in unmittelbarer Umgebung des RWTH Campus hat sich mit Beginn der Liberalisierung des Energiemarktes vor mehr als 20... weiterlesen\" \/>\n<meta property=\"og:url\" content=\"https:\/\/www.klafka-hinz.de\/?page_id=161\" \/>\n<meta property=\"og:site_name\" content=\"Klafka &amp; Hinz Energie-Informations-Systeme GmbH\" \/>\n<meta property=\"article:modified_time\" content=\"2021-05-14T13:42:56+00:00\" \/>\n<meta property=\"og:image\" content=\"https:\/\/www.klafka-hinz.de\/wp-content\/uploads\/Wolken-2000x560-1.jpg\" \/>\n\t<meta property=\"og:image:width\" content=\"2000\" \/>\n\t<meta property=\"og:image:height\" content=\"560\" \/>\n\t<meta property=\"og:image:type\" content=\"image\/jpeg\" \/>\n<meta name=\"twitter:card\" content=\"summary_large_image\" \/>\n<meta name=\"twitter:label1\" content=\"Gesch\u00e4tzte Lesezeit\" \/>\n\t<meta name=\"twitter:data1\" content=\"2\u00a0Minuten\" \/>\n<script type=\"application\/ld+json\" class=\"yoast-schema-graph\">{\"@context\":\"https:\\\/\\\/schema.org\",\"@graph\":[{\"@type\":\"WebPage\",\"@id\":\"https:\\\/\\\/www.klafka-hinz.de\\\/?page_id=161\",\"url\":\"https:\\\/\\\/www.klafka-hinz.de\\\/?page_id=161\",\"name\":\"Klafka & Hinz - Klafka &amp; Hinz Energie-Informations-Systeme GmbH\",\"isPartOf\":{\"@id\":\"https:\\\/\\\/www.klafka-hinz.de\\\/#website\"},\"primaryImageOfPage\":{\"@id\":\"https:\\\/\\\/www.klafka-hinz.de\\\/?page_id=161#primaryimage\"},\"image\":{\"@id\":\"https:\\\/\\\/www.klafka-hinz.de\\\/?page_id=161#primaryimage\"},\"thumbnailUrl\":\"https:\\\/\\\/www.klafka-hinz.de\\\/wp-content\\\/uploads\\\/Wolken-2000x560-1.jpg\",\"datePublished\":\"2017-10-13T11:50:38+00:00\",\"dateModified\":\"2021-05-14T13:42:56+00:00\",\"breadcrumb\":{\"@id\":\"https:\\\/\\\/www.klafka-hinz.de\\\/?page_id=161#breadcrumb\"},\"inLanguage\":\"de\",\"potentialAction\":[{\"@type\":\"ReadAction\",\"target\":[\"https:\\\/\\\/www.klafka-hinz.de\\\/?page_id=161\"]}]},{\"@type\":\"ImageObject\",\"inLanguage\":\"de\",\"@id\":\"https:\\\/\\\/www.klafka-hinz.de\\\/?page_id=161#primaryimage\",\"url\":\"https:\\\/\\\/www.klafka-hinz.de\\\/wp-content\\\/uploads\\\/Wolken-2000x560-1.jpg\",\"contentUrl\":\"https:\\\/\\\/www.klafka-hinz.de\\\/wp-content\\\/uploads\\\/Wolken-2000x560-1.jpg\",\"width\":2000,\"height\":560},{\"@type\":\"BreadcrumbList\",\"@id\":\"https:\\\/\\\/www.klafka-hinz.de\\\/?page_id=161#breadcrumb\",\"itemListElement\":[{\"@type\":\"ListItem\",\"position\":1,\"name\":\"Startseite\",\"item\":\"https:\\\/\\\/www.klafka-hinz.de\\\/\"},{\"@type\":\"ListItem\",\"position\":2,\"name\":\"Klafka &#038; Hinz\"}]},{\"@type\":\"WebSite\",\"@id\":\"https:\\\/\\\/www.klafka-hinz.de\\\/#website\",\"url\":\"https:\\\/\\\/www.klafka-hinz.de\\\/\",\"name\":\"Klafka &amp; Hinz Energie-Informations-Systeme GmbH\",\"description\":\"\",\"publisher\":{\"@id\":\"https:\\\/\\\/www.klafka-hinz.de\\\/#organization\"},\"potentialAction\":[{\"@type\":\"SearchAction\",\"target\":{\"@type\":\"EntryPoint\",\"urlTemplate\":\"https:\\\/\\\/www.klafka-hinz.de\\\/?s={search_term_string}\"},\"query-input\":{\"@type\":\"PropertyValueSpecification\",\"valueRequired\":true,\"valueName\":\"search_term_string\"}}],\"inLanguage\":\"de\"},{\"@type\":\"Organization\",\"@id\":\"https:\\\/\\\/www.klafka-hinz.de\\\/#organization\",\"name\":\"Klafka &amp; Hinz Energie-Informations-Systeme GmbH\",\"url\":\"https:\\\/\\\/www.klafka-hinz.de\\\/\",\"logo\":{\"@type\":\"ImageObject\",\"inLanguage\":\"de\",\"@id\":\"https:\\\/\\\/www.klafka-hinz.de\\\/#\\\/schema\\\/logo\\\/image\\\/\",\"url\":\"https:\\\/\\\/www.klafka-hinz.de\\\/wp-content\\\/uploads\\\/cropped-Logo.png\",\"contentUrl\":\"https:\\\/\\\/www.klafka-hinz.de\\\/wp-content\\\/uploads\\\/cropped-Logo.png\",\"width\":263,\"height\":56,\"caption\":\"Klafka &amp; Hinz Energie-Informations-Systeme GmbH\"},\"image\":{\"@id\":\"https:\\\/\\\/www.klafka-hinz.de\\\/#\\\/schema\\\/logo\\\/image\\\/\"}}]}<\/script>\n<!-- \/ Yoast SEO plugin. -->","yoast_head_json":{"title":"Klafka & Hinz - Klafka &amp; Hinz Energie-Informations-Systeme GmbH","robots":{"index":"index","follow":"follow","max-snippet":"max-snippet:-1","max-image-preview":"max-image-preview:large","max-video-preview":"max-video-preview:-1"},"canonical":"https:\/\/www.klafka-hinz.de\/?page_id=161","og_locale":"de_DE","og_type":"article","og_title":"Klafka & Hinz - Klafka &amp; Hinz Energie-Informations-Systeme GmbH","og_description":"Wir stellen uns vor Klafka &amp; Hinz Energie-Informations-Systeme GmbH mit&nbsp;Sitz in Aachen in unmittelbarer Umgebung des RWTH Campus hat sich mit Beginn der Liberalisierung des Energiemarktes vor mehr als 20... weiterlesen","og_url":"https:\/\/www.klafka-hinz.de\/?page_id=161","og_site_name":"Klafka &amp; Hinz Energie-Informations-Systeme GmbH","article_modified_time":"2021-05-14T13:42:56+00:00","og_image":[{"width":2000,"height":560,"url":"https:\/\/www.klafka-hinz.de\/wp-content\/uploads\/Wolken-2000x560-1.jpg","type":"image\/jpeg"}],"twitter_card":"summary_large_image","twitter_misc":{"Gesch\u00e4tzte Lesezeit":"2\u00a0Minuten"},"schema":{"@context":"https:\/\/schema.org","@graph":[{"@type":"WebPage","@id":"https:\/\/www.klafka-hinz.de\/?page_id=161","url":"https:\/\/www.klafka-hinz.de\/?page_id=161","name":"Klafka & Hinz - Klafka &amp; Hinz Energie-Informations-Systeme GmbH","isPartOf":{"@id":"https:\/\/www.klafka-hinz.de\/#website"},"primaryImageOfPage":{"@id":"https:\/\/www.klafka-hinz.de\/?page_id=161#primaryimage"},"image":{"@id":"https:\/\/www.klafka-hinz.de\/?page_id=161#primaryimage"},"thumbnailUrl":"https:\/\/www.klafka-hinz.de\/wp-content\/uploads\/Wolken-2000x560-1.jpg","datePublished":"2017-10-13T11:50:38+00:00","dateModified":"2021-05-14T13:42:56+00:00","breadcrumb":{"@id":"https:\/\/www.klafka-hinz.de\/?page_id=161#breadcrumb"},"inLanguage":"de","potentialAction":[{"@type":"ReadAction","target":["https:\/\/www.klafka-hinz.de\/?page_id=161"]}]},{"@type":"ImageObject","inLanguage":"de","@id":"https:\/\/www.klafka-hinz.de\/?page_id=161#primaryimage","url":"https:\/\/www.klafka-hinz.de\/wp-content\/uploads\/Wolken-2000x560-1.jpg","contentUrl":"https:\/\/www.klafka-hinz.de\/wp-content\/uploads\/Wolken-2000x560-1.jpg","width":2000,"height":560},{"@type":"BreadcrumbList","@id":"https:\/\/www.klafka-hinz.de\/?page_id=161#breadcrumb","itemListElement":[{"@type":"ListItem","position":1,"name":"Startseite","item":"https:\/\/www.klafka-hinz.de\/"},{"@type":"ListItem","position":2,"name":"Klafka &#038; Hinz"}]},{"@type":"WebSite","@id":"https:\/\/www.klafka-hinz.de\/#website","url":"https:\/\/www.klafka-hinz.de\/","name":"Klafka &amp; Hinz Energie-Informations-Systeme GmbH","description":"","publisher":{"@id":"https:\/\/www.klafka-hinz.de\/#organization"},"potentialAction":[{"@type":"SearchAction","target":{"@type":"EntryPoint","urlTemplate":"https:\/\/www.klafka-hinz.de\/?s={search_term_string}"},"query-input":{"@type":"PropertyValueSpecification","valueRequired":true,"valueName":"search_term_string"}}],"inLanguage":"de"},{"@type":"Organization","@id":"https:\/\/www.klafka-hinz.de\/#organization","name":"Klafka &amp; Hinz Energie-Informations-Systeme GmbH","url":"https:\/\/www.klafka-hinz.de\/","logo":{"@type":"ImageObject","inLanguage":"de","@id":"https:\/\/www.klafka-hinz.de\/#\/schema\/logo\/image\/","url":"https:\/\/www.klafka-hinz.de\/wp-content\/uploads\/cropped-Logo.png","contentUrl":"https:\/\/www.klafka-hinz.de\/wp-content\/uploads\/cropped-Logo.png","width":263,"height":56,"caption":"Klafka &amp; Hinz Energie-Informations-Systeme GmbH"},"image":{"@id":"https:\/\/www.klafka-hinz.de\/#\/schema\/logo\/image\/"}}]}},"coauthors":[],"author_meta":{"author_link":"https:\/\/www.klafka-hinz.de\/?author=2","display_name":"Bastian Goffart"},"relative_dates":{"created":"Posted 9\u00a0Jahren ago","modified":"Updated 5\u00a0Jahren ago"},"absolute_dates":{"created":"Posted on 13. Oktober 2017","modified":"Updated on 14. Mai 2021"},"absolute_dates_time":{"created":"Posted on 13. Oktober 2017 11:50","modified":"Updated on 14. Mai 2021 15:42"},"featured_img_caption":"","featured_img":"https:\/\/www.klafka-hinz.de\/wp-content\/uploads\/Wolken-2000x560-1.jpg","series_order":"","_links":{"self":[{"href":"https:\/\/www.klafka-hinz.de\/index.php?rest_route=\/wp\/v2\/pages\/161","targetHints":{"allow":["GET"]}}],"collection":[{"href":"https:\/\/www.klafka-hinz.de\/index.php?rest_route=\/wp\/v2\/pages"}],"about":[{"href":"https:\/\/www.klafka-hinz.de\/index.php?rest_route=\/wp\/v2\/types\/page"}],"author":[{"embeddable":true,"href":"https:\/\/www.klafka-hinz.de\/index.php?rest_route=\/wp\/v2\/users\/2"}],"replies":[{"embeddable":true,"href":"https:\/\/www.klafka-hinz.de\/index.php?rest_route=%2Fwp%2Fv2%2Fcomments&post=161"}],"version-history":[{"count":23,"href":"https:\/\/www.klafka-hinz.de\/index.php?rest_route=\/wp\/v2\/pages\/161\/revisions"}],"predecessor-version":[{"id":3000,"href":"https:\/\/www.klafka-hinz.de\/index.php?rest_route=\/wp\/v2\/pages\/161\/revisions\/3000"}],"wp:featuredmedia":[{"embeddable":true,"href":"https:\/\/www.klafka-hinz.de\/index.php?rest_route=\/wp\/v2\/media\/2537"}],"wp:attachment":[{"href":"https:\/\/www.klafka-hinz.de\/index.php?rest_route=%2Fwp%2Fv2%2Fmedia&parent=161"}],"curies":[{"name":"wp","href":"https:\/\/api.w.org\/{rel}","templated":true}]}}