{"id":1315,"date":"2018-06-28T13:49:04","date_gmt":"2018-06-28T13:49:04","guid":{"rendered":"https:\/\/homepage-intern.klafka-hinz.eu\/?page_id=1315"},"modified":"2021-05-19T11:30:53","modified_gmt":"2021-05-19T09:30:53","slug":"rechnungspruefung-und-schattenrechnung","status":"publish","type":"page","link":"https:\/\/www.klafka-hinz.de\/?page_id=1315","title":{"rendered":"Rechnungspr\u00fcfung und Schattenrechnung"},"content":{"rendered":"\n<h2 class=\"has-text-align-center wp-block-heading\">Kreditorische Abrechnung<\/h2>\n\n\n\n<h1 class=\"has-text-align-center wp-block-heading\">Rechnungspr\u00fcfung und Schattenrechnung<\/h1>\n\n\n\n<p>Der Netzbetreiber stellt den Lieferanten die Netznutzung in elektronischer Form in Rechnung (INVOIC). Das Modul nimmt diese elektronischen Rechnungen entgegen und pr\u00fcft diese in einem mehrstufigen Prozess.<\/p>\n\n\n\n<h3 class=\"wp-block-heading\">Rechnungspr\u00fcfung<\/h3>\n\n\n\n<p>Die Pr\u00fcfung erfolgt nach konfigurierbaren Regeln bez\u00fcglich zul\u00e4ssiger Mengen und Geldbetr\u00e4ge und der Verrechnung von Abschl\u00e4gen. Zus\u00e4tzlich k\u00f6nnen auf der Grundlage der Netz-Preisbl\u00e4tter Schattenrechnungen durchgef\u00fchrt werden, mit denen die empfangenen Rechnungen verglichen werden. Die Daten zu den Netzpreisbl\u00e4ttern werden daf\u00fcr aus entsprechenden Marktinformationssystemen \u00fcbernommen und den Netznutzungsvertr\u00e4gen z\u00e4hlpunktscharf zugeordnet. Nach positiver Pr\u00fcfung erfolgt die Verbuchung der Rechnungen auf den Kreditorenkonten der Netzbetreiber im Nebenbuch und es werden elektronische Zahlungsavise (REMADV) erstellt. Fallen Rechnungen durch die Pr\u00fcfung, so werden sie durch entsprechende negative Zahlungsavise abgelehnt.<\/p>\n\n\n\n<h3 class=\"wp-block-heading\">REMADV-Versand<\/h3>\n\n\n\n<p>Die \u00dcbertragung der Zahlungsavise erfolgt \u2013 pro Netzbetreiber aggregiert \u2013 \u00fcber die EDIX-Marktkommunikation. Den Pr\u00fcfprozess durchlaufen in gleicher Weise auch Stornorechnungen.<\/p>\n\n\n\n<p>Zahlungen an die Netzbetreiber erfolgen in aggregierter Form synchron zu den REMADV-Nachrichten \u00fcber unsere Zahlungsschnittstelle.<\/p>\n\n\n\n<h3 class=\"wp-block-heading\">Prozessunterst\u00fctzung<\/h3>\n\n\n\n<p>F\u00fcr die Abwicklung der Prozesse stehen leistungsstarke Gesch\u00e4ftsprozesscenter zur Verf\u00fcgung, die f\u00fcr jeden Verarbeitungsschritt die relevanten Vorg\u00e4nge anzeigen und kontextsensitiv die erforderlichen Bearbeitungsfunktionen bereitstellen. Die Vorgangsbearbeitung kann im Dialogbetrieb f\u00fcr einzelne Datens\u00e4tze erfolgen oder bei der Massenverarbeitung automatisiert und parallelisiert im Hintergrund.<\/p>\n\n\n\n<div class=\"wp-block-columns coblocks-author-columns has-background is-layout-flex wp-container-core-columns-is-layout-61ecc280 wp-block-columns-is-layout-flex\" style=\"background-color:#8C8C971A;padding-top:2.5rem;padding-right:2.5rem;padding-bottom:2.5rem;padding-left:2.5rem\">\n<div class=\"wp-block-column is-layout-flow wp-block-column-is-layout-flow\" style=\"flex-basis:25%\">\n<figure class=\"wp-block-image is-style-rounded\"><img loading=\"lazy\" decoding=\"async\" width=\"150\" height=\"150\" src=\"https:\/\/www.klafka-hinz.de\/wp-content\/uploads\/Jan-150x150.png\" alt=\"\" class=\"wp-image-2421\" srcset=\"https:\/\/www.klafka-hinz.de\/wp-content\/uploads\/Jan-150x150.png 150w, https:\/\/www.klafka-hinz.de\/wp-content\/uploads\/Jan.png 200w\" sizes=\"auto, (max-width: 150px) 100vw, 150px\" \/><\/figure>\n<\/div>\n\n\n\n<div class=\"wp-block-column is-layout-flow wp-block-column-is-layout-flow\" style=\"flex-basis:75%\">\n<p><strong><strong>Jan Spengler<\/strong><\/strong><\/p>\n\n\n\n<p>Telefon: +49 241 605 201 30<br>E-Mail: Jan.Spengler@Klafka-Hinz.de<\/p>\n\n\n\n<div class=\"wp-block-buttons is-layout-flex wp-block-buttons-is-layout-flex\">\n<div class=\"wp-block-button\"><a class=\"wp-block-button__link has-white-color has-text-color has-background wp-element-button\" href=\"mailto:Jan.Spengler@Klafka-Hinz.de?subject=Kontaktaufnahme%20FirstX\" style=\"background-color:#0094d6\" rel=\"mailto:Jan.Spengler@Klafka-Hinz.de?subject=Kontaktaufnahme%20FirstX\">Kontakt<\/a><\/div>\n<\/div>\n<\/div>\n<\/div>\n\n\n\n<p><\/p>\n","protected":false},"excerpt":{"rendered":"<p>Rechnungspr\u00fcfung und Schattenrechnung Der Netzbetreiber stellt den Lieferanten die Netznutzung in elektronischer Form in Rechnung (INVOIC). Das Modul nimmt diese elektronischen Rechnungen entgegen und pr\u00fcft diese in einem mehrstufigen Prozess&#8230;.<\/p>\n<div class=\"read-more-button-wrap\"><a class=\"moretag\" href=\"https:\/\/www.klafka-hinz.de\/?page_id=1315\"> weiterlesen<\/a><\/div>\n","protected":false},"author":2,"featured_media":0,"parent":1255,"menu_order":0,"comment_status":"closed","ping_status":"closed","template":"","meta":{"_coblocks_attr":"","_coblocks_dimensions":"","_coblocks_responsive_height":"","_coblocks_accordion_ie_support":"","advgb_blocks_editor_width":"","advgb_blocks_columns_visual_guide":"","footnotes":""},"class_list":["post-1315","page","type-page","status-publish","hentry"],"yoast_head":"<!-- This site is optimized with the Yoast SEO plugin v27.3 - https:\/\/yoast.com\/product\/yoast-seo-wordpress\/ -->\n<title>Rechnungspr\u00fcfung und Schattenrechnung - Klafka &amp; Hinz Energie-Informations-Systeme GmbH<\/title>\n<meta name=\"robots\" content=\"index, follow, max-snippet:-1, max-image-preview:large, max-video-preview:-1\" \/>\n<link rel=\"canonical\" href=\"https:\/\/www.klafka-hinz.de\/?page_id=1315\" \/>\n<meta property=\"og:locale\" content=\"de_DE\" \/>\n<meta property=\"og:type\" content=\"article\" \/>\n<meta property=\"og:title\" content=\"Rechnungspr\u00fcfung und Schattenrechnung - Klafka &amp; Hinz Energie-Informations-Systeme GmbH\" \/>\n<meta property=\"og:description\" content=\"Rechnungspr\u00fcfung und Schattenrechnung Der Netzbetreiber stellt den Lieferanten die Netznutzung in elektronischer Form in Rechnung (INVOIC). Das Modul nimmt diese elektronischen Rechnungen entgegen und pr\u00fcft diese in einem mehrstufigen Prozess.... weiterlesen\" \/>\n<meta property=\"og:url\" content=\"https:\/\/www.klafka-hinz.de\/?page_id=1315\" \/>\n<meta property=\"og:site_name\" content=\"Klafka &amp; Hinz Energie-Informations-Systeme GmbH\" \/>\n<meta property=\"article:modified_time\" content=\"2021-05-19T09:30:53+00:00\" \/>\n<meta name=\"twitter:card\" content=\"summary_large_image\" \/>\n<meta name=\"twitter:label1\" content=\"Gesch\u00e4tzte Lesezeit\" \/>\n\t<meta name=\"twitter:data1\" content=\"1\u00a0Minute\" \/>\n<script type=\"application\/ld+json\" class=\"yoast-schema-graph\">{\"@context\":\"https:\\\/\\\/schema.org\",\"@graph\":[{\"@type\":\"WebPage\",\"@id\":\"https:\\\/\\\/www.klafka-hinz.de\\\/?page_id=1315\",\"url\":\"https:\\\/\\\/www.klafka-hinz.de\\\/?page_id=1315\",\"name\":\"Rechnungspr\u00fcfung und Schattenrechnung - Klafka &amp; Hinz Energie-Informations-Systeme GmbH\",\"isPartOf\":{\"@id\":\"https:\\\/\\\/www.klafka-hinz.de\\\/#website\"},\"datePublished\":\"2018-06-28T13:49:04+00:00\",\"dateModified\":\"2021-05-19T09:30:53+00:00\",\"breadcrumb\":{\"@id\":\"https:\\\/\\\/www.klafka-hinz.de\\\/?page_id=1315#breadcrumb\"},\"inLanguage\":\"de\",\"potentialAction\":[{\"@type\":\"ReadAction\",\"target\":[\"https:\\\/\\\/www.klafka-hinz.de\\\/?page_id=1315\"]}]},{\"@type\":\"BreadcrumbList\",\"@id\":\"https:\\\/\\\/www.klafka-hinz.de\\\/?page_id=1315#breadcrumb\",\"itemListElement\":[{\"@type\":\"ListItem\",\"position\":1,\"name\":\"Startseite\",\"item\":\"https:\\\/\\\/www.klafka-hinz.de\\\/\"},{\"@type\":\"ListItem\",\"position\":2,\"name\":\"L\u00f6sungen\",\"item\":\"https:\\\/\\\/www.klafka-hinz.de\\\/?page_id=1255\"},{\"@type\":\"ListItem\",\"position\":3,\"name\":\"Rechnungspr\u00fcfung und Schattenrechnung\"}]},{\"@type\":\"WebSite\",\"@id\":\"https:\\\/\\\/www.klafka-hinz.de\\\/#website\",\"url\":\"https:\\\/\\\/www.klafka-hinz.de\\\/\",\"name\":\"Klafka &amp; Hinz Energie-Informations-Systeme GmbH\",\"description\":\"\",\"publisher\":{\"@id\":\"https:\\\/\\\/www.klafka-hinz.de\\\/#organization\"},\"potentialAction\":[{\"@type\":\"SearchAction\",\"target\":{\"@type\":\"EntryPoint\",\"urlTemplate\":\"https:\\\/\\\/www.klafka-hinz.de\\\/?s={search_term_string}\"},\"query-input\":{\"@type\":\"PropertyValueSpecification\",\"valueRequired\":true,\"valueName\":\"search_term_string\"}}],\"inLanguage\":\"de\"},{\"@type\":\"Organization\",\"@id\":\"https:\\\/\\\/www.klafka-hinz.de\\\/#organization\",\"name\":\"Klafka &amp; Hinz Energie-Informations-Systeme GmbH\",\"url\":\"https:\\\/\\\/www.klafka-hinz.de\\\/\",\"logo\":{\"@type\":\"ImageObject\",\"inLanguage\":\"de\",\"@id\":\"https:\\\/\\\/www.klafka-hinz.de\\\/#\\\/schema\\\/logo\\\/image\\\/\",\"url\":\"https:\\\/\\\/www.klafka-hinz.de\\\/wp-content\\\/uploads\\\/cropped-Logo.png\",\"contentUrl\":\"https:\\\/\\\/www.klafka-hinz.de\\\/wp-content\\\/uploads\\\/cropped-Logo.png\",\"width\":263,\"height\":56,\"caption\":\"Klafka &amp; Hinz Energie-Informations-Systeme GmbH\"},\"image\":{\"@id\":\"https:\\\/\\\/www.klafka-hinz.de\\\/#\\\/schema\\\/logo\\\/image\\\/\"}}]}<\/script>\n<!-- \/ Yoast SEO plugin. -->","yoast_head_json":{"title":"Rechnungspr\u00fcfung und Schattenrechnung - Klafka &amp; Hinz Energie-Informations-Systeme GmbH","robots":{"index":"index","follow":"follow","max-snippet":"max-snippet:-1","max-image-preview":"max-image-preview:large","max-video-preview":"max-video-preview:-1"},"canonical":"https:\/\/www.klafka-hinz.de\/?page_id=1315","og_locale":"de_DE","og_type":"article","og_title":"Rechnungspr\u00fcfung und Schattenrechnung - Klafka &amp; Hinz Energie-Informations-Systeme GmbH","og_description":"Rechnungspr\u00fcfung und Schattenrechnung Der Netzbetreiber stellt den Lieferanten die Netznutzung in elektronischer Form in Rechnung (INVOIC). Das Modul nimmt diese elektronischen Rechnungen entgegen und pr\u00fcft diese in einem mehrstufigen Prozess.... weiterlesen","og_url":"https:\/\/www.klafka-hinz.de\/?page_id=1315","og_site_name":"Klafka &amp; Hinz Energie-Informations-Systeme GmbH","article_modified_time":"2021-05-19T09:30:53+00:00","twitter_card":"summary_large_image","twitter_misc":{"Gesch\u00e4tzte Lesezeit":"1\u00a0Minute"},"schema":{"@context":"https:\/\/schema.org","@graph":[{"@type":"WebPage","@id":"https:\/\/www.klafka-hinz.de\/?page_id=1315","url":"https:\/\/www.klafka-hinz.de\/?page_id=1315","name":"Rechnungspr\u00fcfung und Schattenrechnung - Klafka &amp; Hinz Energie-Informations-Systeme GmbH","isPartOf":{"@id":"https:\/\/www.klafka-hinz.de\/#website"},"datePublished":"2018-06-28T13:49:04+00:00","dateModified":"2021-05-19T09:30:53+00:00","breadcrumb":{"@id":"https:\/\/www.klafka-hinz.de\/?page_id=1315#breadcrumb"},"inLanguage":"de","potentialAction":[{"@type":"ReadAction","target":["https:\/\/www.klafka-hinz.de\/?page_id=1315"]}]},{"@type":"BreadcrumbList","@id":"https:\/\/www.klafka-hinz.de\/?page_id=1315#breadcrumb","itemListElement":[{"@type":"ListItem","position":1,"name":"Startseite","item":"https:\/\/www.klafka-hinz.de\/"},{"@type":"ListItem","position":2,"name":"L\u00f6sungen","item":"https:\/\/www.klafka-hinz.de\/?page_id=1255"},{"@type":"ListItem","position":3,"name":"Rechnungspr\u00fcfung und Schattenrechnung"}]},{"@type":"WebSite","@id":"https:\/\/www.klafka-hinz.de\/#website","url":"https:\/\/www.klafka-hinz.de\/","name":"Klafka &amp; Hinz Energie-Informations-Systeme GmbH","description":"","publisher":{"@id":"https:\/\/www.klafka-hinz.de\/#organization"},"potentialAction":[{"@type":"SearchAction","target":{"@type":"EntryPoint","urlTemplate":"https:\/\/www.klafka-hinz.de\/?s={search_term_string}"},"query-input":{"@type":"PropertyValueSpecification","valueRequired":true,"valueName":"search_term_string"}}],"inLanguage":"de"},{"@type":"Organization","@id":"https:\/\/www.klafka-hinz.de\/#organization","name":"Klafka &amp; Hinz Energie-Informations-Systeme GmbH","url":"https:\/\/www.klafka-hinz.de\/","logo":{"@type":"ImageObject","inLanguage":"de","@id":"https:\/\/www.klafka-hinz.de\/#\/schema\/logo\/image\/","url":"https:\/\/www.klafka-hinz.de\/wp-content\/uploads\/cropped-Logo.png","contentUrl":"https:\/\/www.klafka-hinz.de\/wp-content\/uploads\/cropped-Logo.png","width":263,"height":56,"caption":"Klafka &amp; Hinz Energie-Informations-Systeme GmbH"},"image":{"@id":"https:\/\/www.klafka-hinz.de\/#\/schema\/logo\/image\/"}}]}},"coauthors":[],"author_meta":{"author_link":"https:\/\/www.klafka-hinz.de\/?author=2","display_name":"Bastian Goffart"},"relative_dates":{"created":"Posted 8\u00a0Jahren ago","modified":"Updated 5\u00a0Jahren ago"},"absolute_dates":{"created":"Posted on 28. Juni 2018","modified":"Updated on 19. Mai 2021"},"absolute_dates_time":{"created":"Posted on 28. Juni 2018 13:49","modified":"Updated on 19. Mai 2021 11:30"},"featured_img_caption":"","featured_img":false,"series_order":"","_links":{"self":[{"href":"https:\/\/www.klafka-hinz.de\/index.php?rest_route=\/wp\/v2\/pages\/1315","targetHints":{"allow":["GET"]}}],"collection":[{"href":"https:\/\/www.klafka-hinz.de\/index.php?rest_route=\/wp\/v2\/pages"}],"about":[{"href":"https:\/\/www.klafka-hinz.de\/index.php?rest_route=\/wp\/v2\/types\/page"}],"author":[{"embeddable":true,"href":"https:\/\/www.klafka-hinz.de\/index.php?rest_route=\/wp\/v2\/users\/2"}],"replies":[{"embeddable":true,"href":"https:\/\/www.klafka-hinz.de\/index.php?rest_route=%2Fwp%2Fv2%2Fcomments&post=1315"}],"version-history":[{"count":3,"href":"https:\/\/www.klafka-hinz.de\/index.php?rest_route=\/wp\/v2\/pages\/1315\/revisions"}],"predecessor-version":[{"id":3018,"href":"https:\/\/www.klafka-hinz.de\/index.php?rest_route=\/wp\/v2\/pages\/1315\/revisions\/3018"}],"up":[{"embeddable":true,"href":"https:\/\/www.klafka-hinz.de\/index.php?rest_route=\/wp\/v2\/pages\/1255"}],"wp:attachment":[{"href":"https:\/\/www.klafka-hinz.de\/index.php?rest_route=%2Fwp%2Fv2%2Fmedia&parent=1315"}],"curies":[{"name":"wp","href":"https:\/\/api.w.org\/{rel}","templated":true}]}}