{"id":1285,"date":"2018-06-28T13:44:29","date_gmt":"2018-06-28T13:44:29","guid":{"rendered":"https:\/\/homepage-intern.klafka-hinz.eu\/?page_id=1285"},"modified":"2021-05-19T11:35:08","modified_gmt":"2021-05-19T09:35:08","slug":"netzbilanzierung-strom-mabis-und-gas-kov","status":"publish","type":"page","link":"https:\/\/www.klafka-hinz.de\/?page_id=1285","title":{"rendered":"Netzbilanzierung Strom\/MaBis und Gas\/KOV"},"content":{"rendered":"\n<h2 class=\"has-text-align-center wp-block-heading\">EDM<\/h2>\n\n\n\n<h1 class=\"has-text-align-center wp-block-heading\">Netzbilanzierung Strom\/MaBiS &amp; Gas\/KOV<\/h1>\n\n\n\n<p>Das Modul <strong>Netzbilanzierung Strom <\/strong>erm\u00f6glicht die Aggregation von Zeitreihen und Energieverbr\u00e4uchen auf Bilanzkreis-, Lieferanten- und Kundengruppenebene. Hierbei kann das synthetische oder das analytische Bilanzierungsverfahren angewendet werden. Die Aggregationsergebnisse werden anschlie\u00dfend in den markt\u00fcblichen Formaten an die Marktpartner versendet.<\/p>\n\n\n\n<h3 class=\"wp-block-heading\">Strom: MaBiS<\/h3>\n\n\n\n<p>Weiterhin bietet das Modul die Unterst\u00fctzung f\u00fcr s\u00e4mtliche Gesch\u00e4ftsprozesse nach den Regeln der MaBiS:<\/p>\n\n\n\n<ul class=\"wp-block-list\"><li>Erzeugung von Meldungen zur Aktivierung und Deaktivierung von Lieferanten- und Bilanzkreisenergiekonten und \u00dcbermittlung an Lieferanten bzw. BiKo<\/li><li>Erstellung und Versendung von Bilanzkreiszuordnungslisten zur \u00dcbermittlung an die Bilanzkreisverantwortlichen<\/li><li>Bilanzkreis- und Lieferantensummenversand und Entgegennahme von Bilanzkreisstatusmeldungen vom BiKo zur \u00dcberpr\u00fcfung<\/li><li>Erstellung und Versand von Lieferantenclearinglisten und Entgegennahme von gemeldeten Fehlern<\/li><\/ul>\n\n\n\n<p>Verf\u00fcgbar ist eine Gesch\u00e4ftsprozessautomatisierung zur Entgegennahme von Anfragenachrichten vom BKV bzw. Lieferanten und zur \u00dcbermittlung von Clearinglisten, Bilanzkreiszuordnungslisten und Lastprofilen mittels ORDERS. Dabei wird der Benutzer f\u00fcr jeden dieser Prozesse mit einer spezialisierten Gesch\u00e4ftsprozess\u00fcbersicht durch die Bedienschritte geleitet und auf Kl\u00e4rf\u00e4lle aufmerksam gemacht. Direkten Zugriff auf die gesamten relevanten Daten haben Sie \u00fcber den MaBiS-Manager.<\/p>\n\n\n\n<h3 class=\"wp-block-heading\">Gas: KOV<\/h3>\n\n\n\n<p>Das Modul <strong>Netzbilanzierung Gas<\/strong> bietet Unterst\u00fctzung bei der Verwaltung der gasspezifischen Daten. Per registrierender Stundenmessung ermittelte Kundenabnahmen und Netzeinspeisungen k\u00f6nnen sowohl als Volumenstrom (Normkubikmeter oder Betriebskubikmeter) als auch als Energie bzw. Leistung gespeichert und ineinander umgerechnet werden. Die Umrechnung erfolgt z\u00e4hlpunktgenau auf Basis der zugeordneten Brennwert-, Temperatur- und Luftdruckdaten. Die Verwaltung mehrerer Brennwertbezirke und Luftdruckgebiete ist m\u00f6glich. Wetterdatenabh\u00e4ngige Gas-Lastprofile z.B. der TU-M\u00fcnchen k\u00f6nnen verwaltet werden. Hierbei kann das synthetische oder das analytische Bilanzierungsverfahren angewendet werden. Weiterhin bietet FirstNet Unterst\u00fctzung f\u00fcr s\u00e4mtliche Gesch\u00e4ftsprozesse nach den Regeln der Kooperationsvereinbarung:<\/p>\n\n\n\n<ul class=\"wp-block-list\"><li>Netzkontensaldokontrolle: Gesch\u00e4ftsprozess\u00fcbersicht zur Entgegennahme der t\u00e4glichen Saldomeldungen des MGV. Vergleich eigener Berechnungen mit den gemeldeten Mengen, sowie Kontrolle der Netzkontoausz\u00fcge.<\/li><li>Deklaration und Deklarationsclearing: Gesch\u00e4ftsprozess\u00fcbersicht zur automatischen Erstellung und zum Versand der monatlichen und t\u00e4glichen Deklarationslisten<\/li><li>SLP und RLM \u2013 Clearing: Gesch\u00e4ftsprozess\u00fcbersicht zur Kl\u00e4rung und Korrektur fehlerhafter Allokationsmengen und Netznutzungsmengen<\/li><li>Qualit\u00e4tssicherung Gas: Mit diesem Manager k\u00f6nnen Sie kontrollieren, ob Anpassungsbedarf der Kundenwerte besteht, die Genauigkeit der Temperaturprognose \u00fcberwachen und einen Vergleich der Restlast mit der SLP-Allokation durchf\u00fchren.<\/li><li>Aufgabenverwaltung: FirstNet unterst\u00fctzt Sie bei der \u00dcberwachung der Fristen und Aufgaben der KOV. Die f\u00fcr die KOV notwendigen Termine werden auf Basis des BDEW-Kalenders ausgerollt und gepflegt.<\/li><\/ul>\n\n\n\n<div class=\"wp-block-columns coblocks-author-columns has-background is-layout-flex wp-container-core-columns-is-layout-61ecc280 wp-block-columns-is-layout-flex\" style=\"background-color:#8C8C971A;padding-top:2.5rem;padding-right:2.5rem;padding-bottom:2.5rem;padding-left:2.5rem\">\n<div class=\"wp-block-column is-layout-flow wp-block-column-is-layout-flow\" style=\"flex-basis:25%\">\n<figure class=\"wp-block-image is-style-rounded\"><img loading=\"lazy\" decoding=\"async\" width=\"150\" height=\"150\" src=\"https:\/\/www.klafka-hinz.de\/wp-content\/uploads\/Jan-150x150.png\" alt=\"\" class=\"wp-image-2421\" srcset=\"https:\/\/www.klafka-hinz.de\/wp-content\/uploads\/Jan-150x150.png 150w, https:\/\/www.klafka-hinz.de\/wp-content\/uploads\/Jan.png 200w\" sizes=\"auto, (max-width: 150px) 100vw, 150px\" \/><\/figure>\n<\/div>\n\n\n\n<div class=\"wp-block-column is-layout-flow wp-block-column-is-layout-flow\" style=\"flex-basis:75%\">\n<p><strong><strong>Jan Spengler<\/strong><\/strong><\/p>\n\n\n\n<p>Telefon: +49 241 605 201 30<br>E-Mail: Jan.Spengler@Klafka-Hinz.de<\/p>\n\n\n\n<div class=\"wp-block-buttons is-layout-flex wp-block-buttons-is-layout-flex\">\n<div class=\"wp-block-button\"><a class=\"wp-block-button__link has-white-color has-text-color has-background wp-element-button\" href=\"mailto:Jan.Spengler@Klafka-Hinz.de?subject=Kontaktaufnahme%20FirstX\" style=\"background-color:#0094d6\" rel=\"mailto:Jan.Spengler@Klafka-Hinz.de?subject=Kontaktaufnahme%20FirstX\">Kontakt<\/a><\/div>\n<\/div>\n<\/div>\n<\/div>\n\n\n\n<p><\/p>\n","protected":false},"excerpt":{"rendered":"<p>Netzbilanzierung Strom\/MaBiS &amp; Gas\/KOV Das Modul Netzbilanzierung Strom erm\u00f6glicht die Aggregation von Zeitreihen und Energieverbr\u00e4uchen auf Bilanzkreis-, Lieferanten- und Kundengruppenebene. Hierbei kann das synthetische oder das analytische Bilanzierungsverfahren angewendet werden&#8230;.<\/p>\n<div class=\"read-more-button-wrap\"><a class=\"moretag\" href=\"https:\/\/www.klafka-hinz.de\/?page_id=1285\"> weiterlesen<\/a><\/div>\n","protected":false},"author":2,"featured_media":0,"parent":1255,"menu_order":0,"comment_status":"closed","ping_status":"closed","template":"","meta":{"_coblocks_attr":"","_coblocks_dimensions":"","_coblocks_responsive_height":"","_coblocks_accordion_ie_support":"","advgb_blocks_editor_width":"","advgb_blocks_columns_visual_guide":"","footnotes":""},"class_list":["post-1285","page","type-page","status-publish","hentry"],"yoast_head":"<!-- This site is optimized with the Yoast SEO plugin v27.3 - https:\/\/yoast.com\/product\/yoast-seo-wordpress\/ -->\n<title>Netzbilanzierung Strom\/MaBis und Gas\/KOV - Klafka &amp; Hinz Energie-Informations-Systeme GmbH<\/title>\n<meta name=\"robots\" content=\"index, follow, max-snippet:-1, max-image-preview:large, max-video-preview:-1\" \/>\n<link rel=\"canonical\" href=\"https:\/\/www.klafka-hinz.de\/?page_id=1285\" \/>\n<meta property=\"og:locale\" content=\"de_DE\" \/>\n<meta property=\"og:type\" content=\"article\" \/>\n<meta property=\"og:title\" content=\"Netzbilanzierung Strom\/MaBis und Gas\/KOV - Klafka &amp; Hinz Energie-Informations-Systeme GmbH\" \/>\n<meta property=\"og:description\" content=\"Netzbilanzierung Strom\/MaBiS &amp; Gas\/KOV Das Modul Netzbilanzierung Strom erm\u00f6glicht die Aggregation von Zeitreihen und Energieverbr\u00e4uchen auf Bilanzkreis-, Lieferanten- und Kundengruppenebene. Hierbei kann das synthetische oder das analytische Bilanzierungsverfahren angewendet werden.... weiterlesen\" \/>\n<meta property=\"og:url\" content=\"https:\/\/www.klafka-hinz.de\/?page_id=1285\" \/>\n<meta property=\"og:site_name\" content=\"Klafka &amp; Hinz Energie-Informations-Systeme GmbH\" \/>\n<meta property=\"article:modified_time\" content=\"2021-05-19T09:35:08+00:00\" \/>\n<meta name=\"twitter:card\" content=\"summary_large_image\" \/>\n<meta name=\"twitter:label1\" content=\"Gesch\u00e4tzte Lesezeit\" \/>\n\t<meta name=\"twitter:data1\" content=\"2\u00a0Minuten\" \/>\n<script type=\"application\/ld+json\" class=\"yoast-schema-graph\">{\"@context\":\"https:\\\/\\\/schema.org\",\"@graph\":[{\"@type\":\"WebPage\",\"@id\":\"https:\\\/\\\/www.klafka-hinz.de\\\/?page_id=1285\",\"url\":\"https:\\\/\\\/www.klafka-hinz.de\\\/?page_id=1285\",\"name\":\"Netzbilanzierung Strom\\\/MaBis und Gas\\\/KOV - Klafka &amp; Hinz Energie-Informations-Systeme GmbH\",\"isPartOf\":{\"@id\":\"https:\\\/\\\/www.klafka-hinz.de\\\/#website\"},\"datePublished\":\"2018-06-28T13:44:29+00:00\",\"dateModified\":\"2021-05-19T09:35:08+00:00\",\"breadcrumb\":{\"@id\":\"https:\\\/\\\/www.klafka-hinz.de\\\/?page_id=1285#breadcrumb\"},\"inLanguage\":\"de\",\"potentialAction\":[{\"@type\":\"ReadAction\",\"target\":[\"https:\\\/\\\/www.klafka-hinz.de\\\/?page_id=1285\"]}]},{\"@type\":\"BreadcrumbList\",\"@id\":\"https:\\\/\\\/www.klafka-hinz.de\\\/?page_id=1285#breadcrumb\",\"itemListElement\":[{\"@type\":\"ListItem\",\"position\":1,\"name\":\"Startseite\",\"item\":\"https:\\\/\\\/www.klafka-hinz.de\\\/\"},{\"@type\":\"ListItem\",\"position\":2,\"name\":\"L\u00f6sungen\",\"item\":\"https:\\\/\\\/www.klafka-hinz.de\\\/?page_id=1255\"},{\"@type\":\"ListItem\",\"position\":3,\"name\":\"Netzbilanzierung Strom\\\/MaBis und Gas\\\/KOV\"}]},{\"@type\":\"WebSite\",\"@id\":\"https:\\\/\\\/www.klafka-hinz.de\\\/#website\",\"url\":\"https:\\\/\\\/www.klafka-hinz.de\\\/\",\"name\":\"Klafka &amp; Hinz Energie-Informations-Systeme GmbH\",\"description\":\"\",\"publisher\":{\"@id\":\"https:\\\/\\\/www.klafka-hinz.de\\\/#organization\"},\"potentialAction\":[{\"@type\":\"SearchAction\",\"target\":{\"@type\":\"EntryPoint\",\"urlTemplate\":\"https:\\\/\\\/www.klafka-hinz.de\\\/?s={search_term_string}\"},\"query-input\":{\"@type\":\"PropertyValueSpecification\",\"valueRequired\":true,\"valueName\":\"search_term_string\"}}],\"inLanguage\":\"de\"},{\"@type\":\"Organization\",\"@id\":\"https:\\\/\\\/www.klafka-hinz.de\\\/#organization\",\"name\":\"Klafka &amp; Hinz Energie-Informations-Systeme GmbH\",\"url\":\"https:\\\/\\\/www.klafka-hinz.de\\\/\",\"logo\":{\"@type\":\"ImageObject\",\"inLanguage\":\"de\",\"@id\":\"https:\\\/\\\/www.klafka-hinz.de\\\/#\\\/schema\\\/logo\\\/image\\\/\",\"url\":\"https:\\\/\\\/www.klafka-hinz.de\\\/wp-content\\\/uploads\\\/cropped-Logo.png\",\"contentUrl\":\"https:\\\/\\\/www.klafka-hinz.de\\\/wp-content\\\/uploads\\\/cropped-Logo.png\",\"width\":263,\"height\":56,\"caption\":\"Klafka &amp; Hinz Energie-Informations-Systeme GmbH\"},\"image\":{\"@id\":\"https:\\\/\\\/www.klafka-hinz.de\\\/#\\\/schema\\\/logo\\\/image\\\/\"}}]}<\/script>\n<!-- \/ Yoast SEO plugin. -->","yoast_head_json":{"title":"Netzbilanzierung Strom\/MaBis und Gas\/KOV - Klafka &amp; Hinz Energie-Informations-Systeme GmbH","robots":{"index":"index","follow":"follow","max-snippet":"max-snippet:-1","max-image-preview":"max-image-preview:large","max-video-preview":"max-video-preview:-1"},"canonical":"https:\/\/www.klafka-hinz.de\/?page_id=1285","og_locale":"de_DE","og_type":"article","og_title":"Netzbilanzierung Strom\/MaBis und Gas\/KOV - Klafka &amp; Hinz Energie-Informations-Systeme GmbH","og_description":"Netzbilanzierung Strom\/MaBiS &amp; Gas\/KOV Das Modul Netzbilanzierung Strom erm\u00f6glicht die Aggregation von Zeitreihen und Energieverbr\u00e4uchen auf Bilanzkreis-, Lieferanten- und Kundengruppenebene. Hierbei kann das synthetische oder das analytische Bilanzierungsverfahren angewendet werden.... weiterlesen","og_url":"https:\/\/www.klafka-hinz.de\/?page_id=1285","og_site_name":"Klafka &amp; Hinz Energie-Informations-Systeme GmbH","article_modified_time":"2021-05-19T09:35:08+00:00","twitter_card":"summary_large_image","twitter_misc":{"Gesch\u00e4tzte Lesezeit":"2\u00a0Minuten"},"schema":{"@context":"https:\/\/schema.org","@graph":[{"@type":"WebPage","@id":"https:\/\/www.klafka-hinz.de\/?page_id=1285","url":"https:\/\/www.klafka-hinz.de\/?page_id=1285","name":"Netzbilanzierung Strom\/MaBis und Gas\/KOV - Klafka &amp; Hinz Energie-Informations-Systeme GmbH","isPartOf":{"@id":"https:\/\/www.klafka-hinz.de\/#website"},"datePublished":"2018-06-28T13:44:29+00:00","dateModified":"2021-05-19T09:35:08+00:00","breadcrumb":{"@id":"https:\/\/www.klafka-hinz.de\/?page_id=1285#breadcrumb"},"inLanguage":"de","potentialAction":[{"@type":"ReadAction","target":["https:\/\/www.klafka-hinz.de\/?page_id=1285"]}]},{"@type":"BreadcrumbList","@id":"https:\/\/www.klafka-hinz.de\/?page_id=1285#breadcrumb","itemListElement":[{"@type":"ListItem","position":1,"name":"Startseite","item":"https:\/\/www.klafka-hinz.de\/"},{"@type":"ListItem","position":2,"name":"L\u00f6sungen","item":"https:\/\/www.klafka-hinz.de\/?page_id=1255"},{"@type":"ListItem","position":3,"name":"Netzbilanzierung Strom\/MaBis und Gas\/KOV"}]},{"@type":"WebSite","@id":"https:\/\/www.klafka-hinz.de\/#website","url":"https:\/\/www.klafka-hinz.de\/","name":"Klafka &amp; Hinz Energie-Informations-Systeme GmbH","description":"","publisher":{"@id":"https:\/\/www.klafka-hinz.de\/#organization"},"potentialAction":[{"@type":"SearchAction","target":{"@type":"EntryPoint","urlTemplate":"https:\/\/www.klafka-hinz.de\/?s={search_term_string}"},"query-input":{"@type":"PropertyValueSpecification","valueRequired":true,"valueName":"search_term_string"}}],"inLanguage":"de"},{"@type":"Organization","@id":"https:\/\/www.klafka-hinz.de\/#organization","name":"Klafka &amp; Hinz Energie-Informations-Systeme GmbH","url":"https:\/\/www.klafka-hinz.de\/","logo":{"@type":"ImageObject","inLanguage":"de","@id":"https:\/\/www.klafka-hinz.de\/#\/schema\/logo\/image\/","url":"https:\/\/www.klafka-hinz.de\/wp-content\/uploads\/cropped-Logo.png","contentUrl":"https:\/\/www.klafka-hinz.de\/wp-content\/uploads\/cropped-Logo.png","width":263,"height":56,"caption":"Klafka &amp; Hinz Energie-Informations-Systeme GmbH"},"image":{"@id":"https:\/\/www.klafka-hinz.de\/#\/schema\/logo\/image\/"}}]}},"coauthors":[],"author_meta":{"author_link":"https:\/\/www.klafka-hinz.de\/?author=2","display_name":"Bastian Goffart"},"relative_dates":{"created":"Posted 8\u00a0Jahren ago","modified":"Updated 5\u00a0Jahren ago"},"absolute_dates":{"created":"Posted on 28. Juni 2018","modified":"Updated on 19. Mai 2021"},"absolute_dates_time":{"created":"Posted on 28. Juni 2018 13:44","modified":"Updated on 19. Mai 2021 11:35"},"featured_img_caption":"","featured_img":false,"series_order":"","_links":{"self":[{"href":"https:\/\/www.klafka-hinz.de\/index.php?rest_route=\/wp\/v2\/pages\/1285","targetHints":{"allow":["GET"]}}],"collection":[{"href":"https:\/\/www.klafka-hinz.de\/index.php?rest_route=\/wp\/v2\/pages"}],"about":[{"href":"https:\/\/www.klafka-hinz.de\/index.php?rest_route=\/wp\/v2\/types\/page"}],"author":[{"embeddable":true,"href":"https:\/\/www.klafka-hinz.de\/index.php?rest_route=\/wp\/v2\/users\/2"}],"replies":[{"embeddable":true,"href":"https:\/\/www.klafka-hinz.de\/index.php?rest_route=%2Fwp%2Fv2%2Fcomments&post=1285"}],"version-history":[{"count":6,"href":"https:\/\/www.klafka-hinz.de\/index.php?rest_route=\/wp\/v2\/pages\/1285\/revisions"}],"predecessor-version":[{"id":3024,"href":"https:\/\/www.klafka-hinz.de\/index.php?rest_route=\/wp\/v2\/pages\/1285\/revisions\/3024"}],"up":[{"embeddable":true,"href":"https:\/\/www.klafka-hinz.de\/index.php?rest_route=\/wp\/v2\/pages\/1255"}],"wp:attachment":[{"href":"https:\/\/www.klafka-hinz.de\/index.php?rest_route=%2Fwp%2Fv2%2Fmedia&parent=1285"}],"curies":[{"name":"wp","href":"https:\/\/api.w.org\/{rel}","templated":true}]}}