{"id":1033,"date":"2018-07-17T11:20:30","date_gmt":"2018-07-17T11:20:30","guid":{"rendered":"https:\/\/homepage-intern.klafka-hinz.eu\/?page_id=1033"},"modified":"2026-01-22T12:46:46","modified_gmt":"2026-01-22T11:46:46","slug":"impressum","status":"publish","type":"page","link":"https:\/\/www.klafka-hinz.de\/?page_id=1033","title":{"rendered":"Impressum"},"content":{"rendered":"\n<h2 class=\"wp-block-heading has-text-align-center\">Klafka &amp; Hinz<\/h2>\n\n\n\n<h1 class=\"wp-block-heading has-text-align-center\">IMPRESSUM<\/h1>\n\n\n\n<p><strong>Klafka &amp; Hinz <\/strong><br><strong>Energie-Informations-Systeme GmbH<\/strong><br>Weststra\u00dfe 54<br>D-52074 Aachen<\/p>\n\n\n\n<p>Telefon: +49 241 605201-0<\/p>\n\n\n\n<p>E-Mail:&nbsp;<a href=\"mailto:info@klafka-hinz.de?subject=Kontaktanfrage%20-%20Klafka%20und%20Hinz%20Energie-Informations-Systeme%20GmbH\">info@klafka-hinz.de<\/a><\/p>\n\n\n\n<p>Gesch\u00e4ftsf\u00fchrer:<br>Dr. Hans-J\u00f6rg Hinz, Dr. Peter Klafka, Dr. Johannes Plettner-Marliani, Jan Jasper Spengler<\/p>\n\n\n\n<p>Amtsgericht Aachen HRB 7990<\/p>\n\n\n\n<p>Umsatzsteuer-Identifikationsnummer gem. \u00a7 27a UStG: DE 208 326 893<\/p>\n\n\n\n<p><strong>Haftungsausschluss<\/strong><\/p>\n\n\n\n<h6 class=\"wp-block-heading\">Inhalte<\/h6>\n\n\n\n<p>Die Inhalte unserer Seiten wurden mit gr\u00f6\u00dfter Sorgfalt erstellt. F\u00fcr die Richtigkeit, Vollst\u00e4ndigkeit und Aktualit\u00e4t der Inhalte k\u00f6nnen wir keine Gew\u00e4hr \u00fcbernehmen.<\/p>\n\n\n\n<h6 class=\"wp-block-heading\">Links<\/h6>\n\n\n\n<p>Durch Verlinkungen auf unseren Webseiten wird ggf. der Zugriff auf Informationen anderer Webseitenbetreiber erm\u00f6glicht. Mit der Verlinkung oder Erw\u00e4hnung von derartigen Angeboten anderer Betreiber ist keinerlei Wertung verbunden. Wir weisen darauf hin, dass f\u00fcr Inhalt und Gestaltung von anderen Internetseiten allein der jeweilige Anbieter die Verantwortung hat. Es wird keinerlei Haftung f\u00fcr solcherma\u00dfen \u00fcber unsere Webseiten zug\u00e4ngliche Informationen \u00fcbernommen. Wir machen uns den Inhalt derartiger Internetseiten nicht zu eigen und distanzieren uns ausdr\u00fccklich von den Inhalten verlinkter Internetseiten anderer Anbieter, soweit diese nicht rechtskonform sind. Wenn uns Rechtsverletzungen bekannt werden, werden wir derartige Links umgehend entfernen.<\/p>\n\n\n\n<h6 class=\"wp-block-heading\">Urheberrecht<\/h6>\n\n\n\n<p>Die durch die Seitenbetreiber erstellten Inhalte auf diesen Seiten unterliegen dem deutschen Urheberrecht. Die Vervielf\u00e4ltigung, Bearbeitung, Verbreitung und jede Art der Verwertung au\u00dferhalb der Grenzen des Urheberrechtes bed\u00fcrfen der schriftlichen Zustimmung durch Klafka &amp; Hinz Energie\u2011Informations\u2011Systeme GmbH. Downloads und Kopien dieser Seite sind nur f\u00fcr den privaten, nicht kommerziellen Gebrauch gestattet. Soweit die Inhalte auf dieser Seite nicht vom Betreiber erstellt wurden, werden die Urheberrechte Dritter beachtet. Insbesondere werden Inhalte Dritter als solche gekennzeichnet. Sollten Sie trotzdem auf eine Urheberrechtsverletzung aufmerksam werden, bitten wir um einen entsprechenden Hinweis, wir werden derartige Inhalte umgehend entfernen.<\/p>\n\n\n\n<p>Alle Informationen, Firmenzeichen, Texte, Programme, Grafiken und Bilder unterliegen dem Urheberrecht. Sie sind, soweit keine anderen Eigentumsvorbehalte greifen, Eigentum von Klafka &amp; Hinz Energie\u2011Informations\u2011Systeme GmbH. Die Weiterverarbeitung und Nutzung in Medien ist nur mit vorheriger schriftlicher Genehmigung durch Klafka &amp; Hinz Energie\u2011Informations\u2011Systeme GmbH gestattet. Alle benutzten Warenzeichen und Firmenbezeichnungen unterliegen dem Copyright der jeweiligen Unternehmen.<\/p>\n\n\n\n<h6 class=\"wp-block-heading\">Datenschutz<\/h6>\n\n\n\n<p>Die Nutzung unserer Webseite ist in der Regel ohne Angabe personenbezogener Daten m\u00f6glich. Soweit auf unseren Seiten personenbezogene Daten (beispielsweise Name, Anschrift oder E-Mail-Adressen) erhoben werden, erfolgt dies, soweit m\u00f6glich, stets auf freiwilliger Basis. Diese Daten werden ohne Ihre ausdr\u00fcckliche Zustimmung nicht an Dritte weitergegeben.<\/p>\n\n\n\n<p>Wir weisen darauf hin, dass die Daten\u00fcbertragung im Internet (z.B. bei der Kommunikation per E\u2011Mail) Sicherheitsl\u00fccken aufweisen kann. Ein l\u00fcckenloser Schutz der Daten vor dem Zugriff durch Dritte ist nicht m\u00f6glich.<\/p>\n\n\n\n<p>Die Nutzung von im Rahmen der Impressumspflicht ver\u00f6ffentlichten Kontaktdaten durch Dritte zur \u00dcbersendung von nicht ausdr\u00fccklich angeforderter Werbung und Informationsmaterialien wird hiermit ausdr\u00fccklich widersprochen. Wir behalten uns ausdr\u00fccklich rechtliche Schritte im Falle der unverlangten Zusendung von Werbeinformationen, etwa durch Spam\u2011Mails, vor. Der Anbieter und alle auf dieser Website genannten Personen widersprechen hiermit jeder kommerziellen Verwendung und Weitergabe ihrer Daten.<\/p>\n\n\n\n<p>Quelle: Disclaimer von&nbsp;<a href=\"http:\/\/www.juraforum.de\/\" target=\"_blank\" rel=\"noopener noreferrer\">Juraforum.de<\/a><\/p>\n","protected":false},"excerpt":{"rendered":"<p>IMPRESSUM Klafka &amp; Hinz Energie-Informations-Systeme GmbHWeststra\u00dfe 54D-52074 Aachen Telefon: +49 241 605201-0 E-Mail:&nbsp;info@klafka-hinz.de Gesch\u00e4ftsf\u00fchrer:Dr. Hans-J\u00f6rg Hinz, Dr. Peter Klafka, Dr. Johannes Plettner-Marliani, Jan Jasper Spengler Amtsgericht Aachen HRB 7990 Umsatzsteuer-Identifikationsnummer&#8230;<\/p>\n<div class=\"read-more-button-wrap\"><a class=\"moretag\" href=\"https:\/\/www.klafka-hinz.de\/?page_id=1033\"> weiterlesen<\/a><\/div>\n","protected":false},"author":2,"featured_media":0,"parent":0,"menu_order":0,"comment_status":"closed","ping_status":"closed","template":"","meta":{"_coblocks_attr":"","_coblocks_dimensions":"","_coblocks_responsive_height":"","_coblocks_accordion_ie_support":"","advgb_blocks_editor_width":"","advgb_blocks_columns_visual_guide":"","footnotes":""},"class_list":["post-1033","page","type-page","status-publish","hentry"],"yoast_head":"<!-- This site is optimized with the Yoast SEO plugin v27.3 - https:\/\/yoast.com\/product\/yoast-seo-wordpress\/ -->\n<title>Impressum - Klafka &amp; Hinz Energie-Informations-Systeme GmbH<\/title>\n<meta name=\"robots\" content=\"index, follow, max-snippet:-1, max-image-preview:large, max-video-preview:-1\" \/>\n<link rel=\"canonical\" href=\"https:\/\/www.klafka-hinz.de\/?page_id=1033\" \/>\n<meta property=\"og:locale\" content=\"de_DE\" \/>\n<meta property=\"og:type\" content=\"article\" \/>\n<meta property=\"og:title\" content=\"Impressum - Klafka &amp; Hinz Energie-Informations-Systeme GmbH\" \/>\n<meta property=\"og:description\" content=\"IMPRESSUM Klafka &amp; Hinz Energie-Informations-Systeme GmbHWeststra\u00dfe 54D-52074 Aachen Telefon: +49 241 605201-0 E-Mail:&nbsp;info@klafka-hinz.de Gesch\u00e4ftsf\u00fchrer:Dr. Hans-J\u00f6rg Hinz, Dr. Peter Klafka, Dr. Johannes Plettner-Marliani, Jan Jasper Spengler Amtsgericht Aachen HRB 7990 Umsatzsteuer-Identifikationsnummer... weiterlesen\" \/>\n<meta property=\"og:url\" content=\"https:\/\/www.klafka-hinz.de\/?page_id=1033\" \/>\n<meta property=\"og:site_name\" content=\"Klafka &amp; Hinz Energie-Informations-Systeme GmbH\" \/>\n<meta property=\"article:modified_time\" content=\"2026-01-22T11:46:46+00:00\" \/>\n<meta name=\"twitter:card\" content=\"summary_large_image\" \/>\n<meta name=\"twitter:label1\" content=\"Gesch\u00e4tzte Lesezeit\" \/>\n\t<meta name=\"twitter:data1\" content=\"3\u00a0Minuten\" \/>\n<script type=\"application\/ld+json\" class=\"yoast-schema-graph\">{\"@context\":\"https:\\\/\\\/schema.org\",\"@graph\":[{\"@type\":\"WebPage\",\"@id\":\"https:\\\/\\\/www.klafka-hinz.de\\\/?page_id=1033\",\"url\":\"https:\\\/\\\/www.klafka-hinz.de\\\/?page_id=1033\",\"name\":\"Impressum - Klafka &amp; Hinz Energie-Informations-Systeme GmbH\",\"isPartOf\":{\"@id\":\"https:\\\/\\\/www.klafka-hinz.de\\\/#website\"},\"datePublished\":\"2018-07-17T11:20:30+00:00\",\"dateModified\":\"2026-01-22T11:46:46+00:00\",\"breadcrumb\":{\"@id\":\"https:\\\/\\\/www.klafka-hinz.de\\\/?page_id=1033#breadcrumb\"},\"inLanguage\":\"de\",\"potentialAction\":[{\"@type\":\"ReadAction\",\"target\":[\"https:\\\/\\\/www.klafka-hinz.de\\\/?page_id=1033\"]}]},{\"@type\":\"BreadcrumbList\",\"@id\":\"https:\\\/\\\/www.klafka-hinz.de\\\/?page_id=1033#breadcrumb\",\"itemListElement\":[{\"@type\":\"ListItem\",\"position\":1,\"name\":\"Startseite\",\"item\":\"https:\\\/\\\/www.klafka-hinz.de\\\/\"},{\"@type\":\"ListItem\",\"position\":2,\"name\":\"Impressum\"}]},{\"@type\":\"WebSite\",\"@id\":\"https:\\\/\\\/www.klafka-hinz.de\\\/#website\",\"url\":\"https:\\\/\\\/www.klafka-hinz.de\\\/\",\"name\":\"Klafka &amp; Hinz Energie-Informations-Systeme GmbH\",\"description\":\"\",\"publisher\":{\"@id\":\"https:\\\/\\\/www.klafka-hinz.de\\\/#organization\"},\"potentialAction\":[{\"@type\":\"SearchAction\",\"target\":{\"@type\":\"EntryPoint\",\"urlTemplate\":\"https:\\\/\\\/www.klafka-hinz.de\\\/?s={search_term_string}\"},\"query-input\":{\"@type\":\"PropertyValueSpecification\",\"valueRequired\":true,\"valueName\":\"search_term_string\"}}],\"inLanguage\":\"de\"},{\"@type\":\"Organization\",\"@id\":\"https:\\\/\\\/www.klafka-hinz.de\\\/#organization\",\"name\":\"Klafka &amp; Hinz Energie-Informations-Systeme GmbH\",\"url\":\"https:\\\/\\\/www.klafka-hinz.de\\\/\",\"logo\":{\"@type\":\"ImageObject\",\"inLanguage\":\"de\",\"@id\":\"https:\\\/\\\/www.klafka-hinz.de\\\/#\\\/schema\\\/logo\\\/image\\\/\",\"url\":\"https:\\\/\\\/www.klafka-hinz.de\\\/wp-content\\\/uploads\\\/cropped-Logo.png\",\"contentUrl\":\"https:\\\/\\\/www.klafka-hinz.de\\\/wp-content\\\/uploads\\\/cropped-Logo.png\",\"width\":263,\"height\":56,\"caption\":\"Klafka &amp; Hinz Energie-Informations-Systeme GmbH\"},\"image\":{\"@id\":\"https:\\\/\\\/www.klafka-hinz.de\\\/#\\\/schema\\\/logo\\\/image\\\/\"}}]}<\/script>\n<!-- \/ Yoast SEO plugin. -->","yoast_head_json":{"title":"Impressum - Klafka &amp; Hinz Energie-Informations-Systeme GmbH","robots":{"index":"index","follow":"follow","max-snippet":"max-snippet:-1","max-image-preview":"max-image-preview:large","max-video-preview":"max-video-preview:-1"},"canonical":"https:\/\/www.klafka-hinz.de\/?page_id=1033","og_locale":"de_DE","og_type":"article","og_title":"Impressum - Klafka &amp; Hinz Energie-Informations-Systeme GmbH","og_description":"IMPRESSUM Klafka &amp; Hinz Energie-Informations-Systeme GmbHWeststra\u00dfe 54D-52074 Aachen Telefon: +49 241 605201-0 E-Mail:&nbsp;info@klafka-hinz.de Gesch\u00e4ftsf\u00fchrer:Dr. Hans-J\u00f6rg Hinz, Dr. Peter Klafka, Dr. Johannes Plettner-Marliani, Jan Jasper Spengler Amtsgericht Aachen HRB 7990 Umsatzsteuer-Identifikationsnummer... weiterlesen","og_url":"https:\/\/www.klafka-hinz.de\/?page_id=1033","og_site_name":"Klafka &amp; Hinz Energie-Informations-Systeme GmbH","article_modified_time":"2026-01-22T11:46:46+00:00","twitter_card":"summary_large_image","twitter_misc":{"Gesch\u00e4tzte Lesezeit":"3\u00a0Minuten"},"schema":{"@context":"https:\/\/schema.org","@graph":[{"@type":"WebPage","@id":"https:\/\/www.klafka-hinz.de\/?page_id=1033","url":"https:\/\/www.klafka-hinz.de\/?page_id=1033","name":"Impressum - Klafka &amp; Hinz Energie-Informations-Systeme GmbH","isPartOf":{"@id":"https:\/\/www.klafka-hinz.de\/#website"},"datePublished":"2018-07-17T11:20:30+00:00","dateModified":"2026-01-22T11:46:46+00:00","breadcrumb":{"@id":"https:\/\/www.klafka-hinz.de\/?page_id=1033#breadcrumb"},"inLanguage":"de","potentialAction":[{"@type":"ReadAction","target":["https:\/\/www.klafka-hinz.de\/?page_id=1033"]}]},{"@type":"BreadcrumbList","@id":"https:\/\/www.klafka-hinz.de\/?page_id=1033#breadcrumb","itemListElement":[{"@type":"ListItem","position":1,"name":"Startseite","item":"https:\/\/www.klafka-hinz.de\/"},{"@type":"ListItem","position":2,"name":"Impressum"}]},{"@type":"WebSite","@id":"https:\/\/www.klafka-hinz.de\/#website","url":"https:\/\/www.klafka-hinz.de\/","name":"Klafka &amp; Hinz Energie-Informations-Systeme GmbH","description":"","publisher":{"@id":"https:\/\/www.klafka-hinz.de\/#organization"},"potentialAction":[{"@type":"SearchAction","target":{"@type":"EntryPoint","urlTemplate":"https:\/\/www.klafka-hinz.de\/?s={search_term_string}"},"query-input":{"@type":"PropertyValueSpecification","valueRequired":true,"valueName":"search_term_string"}}],"inLanguage":"de"},{"@type":"Organization","@id":"https:\/\/www.klafka-hinz.de\/#organization","name":"Klafka &amp; Hinz Energie-Informations-Systeme GmbH","url":"https:\/\/www.klafka-hinz.de\/","logo":{"@type":"ImageObject","inLanguage":"de","@id":"https:\/\/www.klafka-hinz.de\/#\/schema\/logo\/image\/","url":"https:\/\/www.klafka-hinz.de\/wp-content\/uploads\/cropped-Logo.png","contentUrl":"https:\/\/www.klafka-hinz.de\/wp-content\/uploads\/cropped-Logo.png","width":263,"height":56,"caption":"Klafka &amp; Hinz Energie-Informations-Systeme GmbH"},"image":{"@id":"https:\/\/www.klafka-hinz.de\/#\/schema\/logo\/image\/"}}]}},"coauthors":[],"author_meta":{"author_link":"https:\/\/www.klafka-hinz.de\/?author=2","display_name":"Bastian Goffart"},"relative_dates":{"created":"Posted 8\u00a0Jahren ago","modified":"Updated 3\u00a0Monaten ago"},"absolute_dates":{"created":"Posted on 17. Juli 2018","modified":"Updated on 22. Januar 2026"},"absolute_dates_time":{"created":"Posted on 17. Juli 2018 11:20","modified":"Updated on 22. Januar 2026 12:46"},"featured_img_caption":"","featured_img":false,"series_order":"","_links":{"self":[{"href":"https:\/\/www.klafka-hinz.de\/index.php?rest_route=\/wp\/v2\/pages\/1033","targetHints":{"allow":["GET"]}}],"collection":[{"href":"https:\/\/www.klafka-hinz.de\/index.php?rest_route=\/wp\/v2\/pages"}],"about":[{"href":"https:\/\/www.klafka-hinz.de\/index.php?rest_route=\/wp\/v2\/types\/page"}],"author":[{"embeddable":true,"href":"https:\/\/www.klafka-hinz.de\/index.php?rest_route=\/wp\/v2\/users\/2"}],"replies":[{"embeddable":true,"href":"https:\/\/www.klafka-hinz.de\/index.php?rest_route=%2Fwp%2Fv2%2Fcomments&post=1033"}],"version-history":[{"count":3,"href":"https:\/\/www.klafka-hinz.de\/index.php?rest_route=\/wp\/v2\/pages\/1033\/revisions"}],"predecessor-version":[{"id":5351,"href":"https:\/\/www.klafka-hinz.de\/index.php?rest_route=\/wp\/v2\/pages\/1033\/revisions\/5351"}],"wp:attachment":[{"href":"https:\/\/www.klafka-hinz.de\/index.php?rest_route=%2Fwp%2Fv2%2Fmedia&parent=1033"}],"curies":[{"name":"wp","href":"https:\/\/api.w.org\/{rel}","templated":true}]}}